r) = -2*r - 3. Let i(j) = -3*j - 4. Let f(t) = b*a(t) - 5*i(t). What is f(-4)?
-5
Let k(w) be the first derivative of w**3/3 - 7*w**2/2 - w + 3. Let q(b) = -b + 14. Let c be (-6)/(-1 + -3 + 3). Let y be q(c). What is k(y)?
7
Let t(p) = 38*p**3 - p - 191*p**2 + 186*p**2 - p + 7 - 37*p**3. Let j = -5 + 10. Give t(j).
-3
Let c(q) = 11*q + 34. Let b be c(-3). Let x(i) be the third derivative of 1/12*i**4 - 1/6*i**3 + 0 + 0*i - 2/15*i**5 - i**2. Determine x(b).
-7
Let k(s) be the second derivative of s**5/20 + s**4/12 - s**3/6 - 4*s**2 - 28*s. Let w = -47 - -47. What is k(w)?
-8
Let t(a) be the third derivative of a**8/20160 - a**7/2520 + 11*a**5/30 + 19*a**2. Let f(r) be the third derivative of t(r). Determine f(1).
-1
Let b be -5 + (2 - -28)/5. Let u(a) = -a - 1. Let r(x) = -13*x - 1. Suppose 2*y - 18 = -4*m, -3*y - y + 20 = 4*m. Let w(i) = y*r(i) - 2*u(i). Give w(b).
-10
Suppose h = -3*h + 52. Let x = h - 12. Let b(n) = 5*n**3 + n**2. Calculate b(x).
6
Suppose 5*u - 13 = -8. Let o(a) = 3*a - u - 2*a + 0*a. Calculate o(-5).
-6
Let a(q) be the second derivative of -q**5/20 + q**2/2 - 41*q. Let m(s) = 2*s**3 - 2. Let l = 0 - 6. Let u(b) = l*a(b) - 2*m(b). Calculate u(2).
14
Suppose 58 = -5*v + 2*n, -46 = -50*v + 53*v - 4*n. Let b(q) = -4*q - 22. Give b(v).
18
Let d(k) be the third derivative of 1/6*k**3 + 0 + 26*k**2 + 1/60*k**5 + 11/120*k**6 + 0*k - 1/24*k**4. Determine d(1).
12
Let s(r) = -10*r - 3. Let p(w) = w + 1. Let c(g) = 2*p(g) + s(g). Let q(t) = t**2 + 14*t + 46. Let j be q(-5). Give c(j).
-9
Let j(s) = 0*s - 147*s**2 + 70*s**2 + 2 + 2*s + 75*s**2. Calculate j(2).
-2
Suppose 5 = 7*q - 2*q. Let s = 1 - -1. Let b(f) = -2*f - f**s - 10 + 10*f**2 + 11. Calculate b(q).
8
Suppose 0 = 22*s - 15*s - 42. Let f(l) be the third derivative of 7/60*l**5 - 1/120*l**s - 5/24*l**4 + 3*l**2 + 0*l + 0*l**3 + 0. Give f(6).
6
Suppose 0 = q - 2*q + 2. Let z = 1 + q. Suppose 5*r - z = -28. Let p(k) = -k**2 - 6*k - 6. Give p(r).
-1
Let y(d) be the first derivative of d**3/6 + 2*d**2 - 11*d - 2. Let b(c) be the first derivative of y(c). What is b(-4)?
0
Let i(a) = a**2 + 22*a + 6. Suppose 2*u + 2*v + 54 = 0, 4*v + 64 = -3*u - 22. Let g be i(u). Let z(o) = -o + 2. What is z(g)?
-4
Let z(t) = 16*t**2 - 16*t - 55. Let j(k) = 6*k + 9 - 3*k**2 + 2 + 0*k**2 - 3*k. Let p(q) = 11*j(q) + 2*z(q). Determine p(0).
11
Let h be 22/(-17 - -6)*(-3 - -2). Let k(l) = -l + 1. Let i be k(-3). Let m(a) = -3*a - a**2 + 4*a - 1 + i*a. Give m(h).
5
Let b(w) be the first derivative of -w**2/2 - 4*w + 138. Calculate b(-8).
4
Let b(v) = -v**3 - 5*v**2 - 3*v - 9. Let x = -1336 - -1331. Determine b(x).
6
Let a(p) = -p**3 - 3*p**2 + 3*p. Let m be a(-4). Let s(i) be the second derivative of -i**5/20 + 5*i**4/12 - i**3/6 - i**2 - i. What is s(m)?
10
Let j(i) be the first derivative of i**7/840 + i**6/90 + i**5/40 - 17*i**3/3 - 32. Let n(k) be the third derivative of j(k). Determine n(-2).
2
Let d(w) = w - 1. Let b(s) = 3. Let u(n) = -b(n) - d(n). Let i(t) = -t**3 + 4 + 8*t**2 - 4*t - 11 - t**2. Let x be i(6). Determine u(x).
-7
Let k(w) = -2*w - 7. Let l(b) = -12*b - 5*b + 3*b**2 + b + 0*b**2. Let x be l(5). Determine k(x).
3
Suppose 4*r = 2*t - 2, -2*t + 2*r = -5 - 1. Suppose t*h - 4 = 3*h. Let z(k) = -2*k + 3 - 5 - k**2 + 3*k**2 - k**3. Calculate z(h).
-6
Let l be -1 + 4 + (1 - (-11 - -15)). Let k(g) be the third derivative of 1/12*g**5 + 0 - 1/6*g**3 + g**2 + l*g + 1/24*g**4. Give k(1).
5
Let n(u) = 2*u**2 + 4*u + 3*u - 4*u. Let x(v) = v**3 - 14*v**2 + v - 17. Let w be x(14). What is n(w)?
9
Let w(f) = 2*f - 33. Suppose 4*q + 3*z = -0*q + 85, -2*q + z = -35. Determine w(q).
5
Let j(d) = 73*d**2 - 79*d**2 - 4*d + 4*d - 1. Determine j(1).
-7
Let x(z) = -3*z - 2. Suppose 5*c + 3*q - 73 = 0, -q - 16 = -c - 3*q. Let n(l) = l**2 - 16*l + 23. Let s be n(c). Calculate x(s).
13
Let c be 372/90 + 0 - (-6)/(-45). Let d(s) = -s**3 + 5*s**2 - 3*s - 3. What is d(c)?
1
Let n(g) = 4*g**3 + 7*g**2 + 1. Let m(o) = -9*o**3 - 15*o**2 - 1. Let j(b) = -3*m(b) - 7*n(b). Let c be j(-4). Let y(v) = v**2 + 5*v + 4. Determine y(c).
0
Let w(i) = i**3 + i**2 - i - 15. Let u(o) = -o**3 - o**2 + o + 15. Let m(h) = -5*u(h) - 4*w(h). Calculate m(0).
-15
Let g(j) = -j**2 - j + 18. Let o be 114/15 + 10/25. Let u(p) = p**3 - 8*p**2 + 2*p - 16. Let r be u(o). Determine g(r).
18
Let a(t) = -7*t + 1. Suppose 10 = -3*d - 5*f - 9, -3*d - f + 1 = 0. Suppose -3*y + n + 9 = 0, d*y + 0*n + 3*n - 6 = 0. What is a(y)?
-20
Let w(n) be the third derivative of -n**6/720 + n**5/60 - 7*n**4/12 + 13*n**2. Let d(s) be the second derivative of w(s). Calculate d(4).
-2
Suppose -2*s - 4*d + 24 = 0, 3*d = -6*s + 4*s + 20. Let k(o) be the third derivative of -1/60*o**5 + 2/3*o**3 + 0 - 1/8*o**s + 4*o**2 + 0*o. Determine k(-4).
0
Suppose 5 = 5*n, -5*u + 2*u + 47 = 2*n. Suppose 4*q = -q + u. Let a(x) = 210*x**3 + 3*x + 2*x**2 - 211*x**3 + 1 + 0. Calculate a(q).
1
Let n(t) = t - 4. Suppose -2*o = 3*q - 19, 3*q - 11 - 23 = -5*o. Suppose 0 = q*v, -6*v + 2*v = -5*k - 15. Give n(k).
-7
Let m(s) be the second derivative of -s**4/12 - 5*s**3/3 - 7*s**2/2 - 2*s + 253. Determine m(-10).
-7
Let p(s) = -7*s + 11. Let q(o) = 13*o - 21. Let z(u) = -5*p(u) - 2*q(u). Let a(j) = -5*j + 6. Let w(x) = -5*a(x) - 3*z(x). Determine w(6).
-3
Let t(i) = -i**3 - 4*i**2 + 4*i - 12. Let w be t(-5). Let r(x) = -x**2 - 8*x - 10. What is r(w)?
-3
Let m(i) = 14*i**2 + 8*i + 9. Let u(s) = 8*s**2 + 5*s + 5. Let y(z) = 3*m(z) - 5*u(z). Calculate y(2).
8
Suppose -14*p - 66 = -16*p. Suppose -p*a - 24 = -29*a. Let j(q) = 2*q + 8. Determine j(a).
-4
Let o(f) = -5 + 10 - f**3 - 4. Let q(w) = 13*w**3 - 2*w**2 - 2*w - 3. Let m(z) = 2*o(z) + q(z). Determine m(-1).
-12
Let x(d) = -7*d**3 + 5*d**2 - 6*d - 9. Let p(b) = 10*b**3 - 8*b**2 + 9*b + 13. Let o(l) = 5*p(l) + 7*x(l). Determine o(2).
-4
Let d(k) be the third derivative of -k**6/120 - k**5/15 - k**4/24 - k**3/2 - 2*k**2. Suppose 7*i - 3*i = 16. Let y be 2*i/6*-3. Calculate d(y).
1
Let j(v) = 2*v - 6*v + 4 + 1 - v**2. Suppose -5*r = -5*u, -2 = r - 2*u - 7. Determine j(r).
0
Let d(h) = -2*h - 23 + 2*h + 3 - 4*h. Give d(-5).
0
Let g(o) = o**3 + 35*o**2 + 174*o + 20. Let b be g(-29). Let z(a) = a**2 - 21*a + 18. Give z(b).
-2
Let v(w) = -w**3 - 7*w**2 + 2*w + 5 + 4*w**2 - 2*w**2. Let m(o) = -o**2 + 8*o + 8. Let x(d) = -d + 1. Let j(k) = -m(k) + 3*x(k). Let n be j(11). Calculate v(n).
-5
Let j(z) = 7*z - 81. Let x be j(13). Let y(u) = -u**3 + 9*u**2 + 10*u - 2. Calculate y(x).
-2
Let r(b) = b**2 - 9*b + 7. Let v be 2/3 + (-26)/(-18)*3. Suppose 0*p + 4*p = -y, 46 = v*y - 3*p. What is r(y)?
-1
Let u(o) = -o**3 + 3*o**2 + 5*o + 3. Let g be u(4). Let f(i) be the second derivative of i**4/12 - 4*i**3/3 - 4*i**2 + 29*i + 3. What is f(g)?
-15
Let c(t) = 3*t + 2. Let o(g) = 21*g**2 - g**3 - 26*g + g**2 - 2 + 4 + 5*g. Let k be o(21). What is c(k)?
8
Let k(x) = 2*x**2 - 3*x - 2. Suppose o + 2*o = -5*p + 3, 2*p - 3*o + 3 = 0. Let y = p - 10. Let c = y + 8. Give k(c).
12
Let m(g) = 2*g - 4. Let h = -11 + 14. Suppose -j + 13 = h*f, -2*j + f = -5 - 0. Suppose -9 - 3 = -j*u. Determine m(u).
2
Let l(a) = a**3 - a**2 - a - 1. Let r be l(-2). Let i(y) = -y**3 - 11*y**2. What is i(r)?
0
Let f(d) = 15*d**2 - 9*d - 6. Let x(r) = -13*r**2 + 9*r + 6. Let h(o) = -6*f(o) - 7*x(o). What is h(9)?
-6
Let b(q) = 1 - 2 - q**2 + 3*q**2 - 7*q**3 + 0*q**3. Calculate b(1).
-6
Let l(a) = -2*a**2 - 9*a**2 + 6*a**2 - 7 - a + 6*a**2 - 6*a. Let n(f) = -6*f**3 - 2*f**2 - 2*f - 1. Let s be n(-1). Give l(s).
-17
Let j be (-28)/(-12) - 4/(-6). Suppose -11 = j*f - 14. Let q(c) = 9*c + 1. Give q(f).
10
Let j(p) be the third derivative of p**5/30 - p**4/2 + 7*p**3/6 - 4*p**2 - 3*p. Determine j(8).
39
Let l = 461 - 454. Let y(s) be the first derivative of s**3/3 - 5*s**2/2 - 7*s - 1. What is y(l)?
7
Let y(f) = 4*f - 24. Suppose 0 = -4*m - 3*d + 1, -5*d = -4 - 11. Let k(w) = 1 + 3*w - 4*w + 0 + 7. Let r(x) = m*y(x) - 7*k(x). Give r(-6).
-2
Suppose 4*m - 7*m = 12. Let g(j) be the first derivative of -3*j**2 - 7*j + 11. Let f(z) = -z - 1. Let s(q) = 5*f(q) - g(q). What is s(m)?
-2
Let w(g) = g. Let l(p) = -8*p + 3. Let n(d) = -l(d) - 5*w(d). Let f = 1 - -14. Let x(q) = q**3 - 16*q**2 + 17*q - 25. Let o be x(f). Give n(o).
12
Let i(g) = 4*g**2 + 18*g + 10. Let p(j) = j - 1. Let k(a) = -